i(-3). Let y be 1/4 + 6/8. List the prime factors of (0 + f + 13)*y.
11
Suppose 2*y - 5*a = -4*a, 0 = -4*y - 2*a. Suppose y*f + 2*f + 19 = -s, 3*s - 15 = 2*f. Let h = 21 + f. List the prime factors of h.
2, 3
Suppose 0 = -2*x + 3*f + 75, 2*x - 165 = -2*x + 3*f. Suppose x = -4*t - 27. Let w = 26 + t. List the prime factors of w.
2
Let t(m) = 3*m + 5*m**2 + 79 - 4*m - 80. Let u = 3 - 1. What are the prime factors of t(u)?
17
Suppose -2 = -2*y, -3*s + y - 2 - 2 = 0. Let b be s - (2/(-1) + -1). Suppose -b*l + 2*x + 14 = 0, -l + 4*x - 2*x + 4 = 0. What are the prime factors of l?
2, 5
Let p(g) = 2*g + 1. Let d be p(-5). Let i(z) = -3*z - 2. List the prime factors of i(d).
5
Suppose 2*d + 0*d - 8 = 0. Let g be -24 + 1/2*d. What are the prime factors of g*((-2)/(-4) + -1)?
11
Let v = 13 + -3. What are the prime factors of v?
2, 5
Let s(n) = -4. Let y(o) = o + 3. Let d(j) = 2*s(j) + 3*y(j). Let p be d(2). Let i = p + -2. What are the prime factors of i?
5
Let j be (1 + 1)*(-2 + -3). Let l = j - -16. List the prime factors of l.
2, 3
Suppose 4*j = -5*x + 3*j + 40, -8 = -x - 4*j. Let w(b) be the first derivative of b**2 - 11*b - 1. List the prime factors of w(x).
5
Let r(a) be the second derivative of a**4/12 + a**3/3 - 2*a. Let m be -3 - ((-2 - 0) + 3). List the prime factors of r(m).
2
Let h be (-218)/(-4) - (-3)/(-6). Suppose -5*c + h = 2*d, 6*d = 4*d + 2*c + 26. List the prime factors of d.
17
Suppose s = -5*o + 95, -3*o - 2*s - 62 = -7*o. List the prime factors of o.
2, 3
Suppose a = j - 24, -56 - 12 = -4*j - 3*a. List the prime factors of j.
2, 5
Suppose -3*s - 3 = 0, 0*a - 70 = -3*a + 4*s. What are the prime factors of a?
2, 11
Suppose -34*u - 882 = -37*u. List the prime factors of u.
2, 3, 7
List the prime factors of 53 + (-1 - (3 + -3 + 1)).
3, 17
Let o(a) = 5*a**2 + 2*a - 2. Let i be o(2). Suppose i = w - f, 2*w + 6 = f + 46. List the prime factors of w.
2, 3
Suppose 0 = 3*q - 2*t - 353, -3*q + 0*q + 343 = -4*t. List the prime factors of q.
11
Suppose w - 432 = 3*b, w - 859 = -w + b. List the prime factors of w.
3, 11, 13
Suppose 0*g = -g - 4*p + 8, -5*p + 44 = -3*g. List the prime factors of -1*1 - (g + 3).
2
Let o(f) = 4*f**2 + f + 14. List the prime factors of o(5).
7, 17
Let m = 0 + 4. Suppose -2*k + 5 = 3*z - 11, m*z - k - 14 = 0. Suppose 3*x = 2 + z. List the prime factors of x.
2
Let p(s) = 8*s - 2. Let w be p(3). Let q = -7 - 5. Let v = q + w. List the prime factors of v.
2, 5
Suppose 0*f - 54 = -2*f. What are the prime factors of f?
3
Let c be 4/(-3)*(-15)/10. Let p be (-51)/(-2) - c/(-4). Let t = -15 + p. List the prime factors of t.
11
Suppose 3*a - b - 107 = 0, 4*a - 5*b - 175 = -a. Let z(h) = -h**2 - 5*h + 8. Let v be z(-6). Suppose d + 2*d - a = -n, d - v = 3*n. List the prime factors of d.
11
Let q(m) = m**3 + 9*m**2 + 7*m - 6. What are the prime factors of q(-8)?
2
Suppose 0 = -2*f + 2*h - 4, -h + 7 + 1 = f. List the prime factors of 49/f + (-4)/12.
2
Suppose -189 = -4*m + 3. What are the prime factors of m?
2, 3
Suppose -5*p = -3*y - 63, y + 2*p = 2*y + 21. What are the prime factors of (56/y)/(1/(-3))?
2
Suppose 0 = -6*u + 2*u + 8, 0 = 5*t - 4*u - 817. List the prime factors of t.
3, 5, 11
Let f(v) be the first derivative of -v**4/4 - 2*v**3 + 7*v**2/2 + 5*v + 5. Let s = -1 - 6. List the prime factors of f(s).
5
Let u = -16 + 15. List the prime factors of (0 - -9)*u/(-3).
3
Suppose -11*r = 4*r - 3135. List the prime factors of r.
11, 19
Let w(a) = a - 1. Let j be w(3). Suppose 0*i + 16 = 4*i. Suppose -3*l = -3*u - 51, j*u + 2 = -i*l + 40. What are the prime factors of l?
2, 3
Suppose -3*s - 15 = -3*w, -3*s - 15 = 4*w - 3*w. Let y(u) = u. Let g be y(w). List the prime factors of (g - -3 - 1) + 0.
2
Suppose -14*u - 544 = -31*u. What are the prime factors of u?
2
List the prime factors of (-8)/(-44) + 933/11.
5, 17
Let g(t) = -t**3 + t**2 + t + 8. Let c be g(0). What are the prime factors of 20/6 + c/12?
2
Suppose -40 = -3*x + 62. Suppose -o = o - x. Suppose 2*w - 5 = o. What are the prime factors of w?
11
Let c(i) = -14*i**3 - 2*i**2 - 2*i - 1. What are the prime factors of c(-1)?
13
Suppose -i - 9 + 29 = 0. Suppose 0 = 5*b - 0 + i. What are the prime factors of (2 + b)*13/(-2)?
13
Suppose i = 4*i. Let p(o) = o - 5*o**2 + 10 + o**2 + 3*o**2. List the prime factors of p(i).
2, 5
Let c = 156 + -25. List the prime factors of c.
131
Suppose 96 = 3*m - 132. What are the prime factors of m?
2, 19
Let c be 395/45 + (-4)/(-18). Let d(l) = l**2 - 9*l. Let s be d(c). Suppose 5*r = -s*r + 20. List the prime factors of r.
2
Let b be (-2 + 0)*-2 - -2. Suppose 0 = -k + 3*k + b, k + 17 = c. List the prime factors of c.
2, 7
Suppose 0 = -0*i - 2*i + 10. Suppose -5*s + 60 = 5*r, 0 = s - r + i*r - 27. Suppose -4*u + s*u - 12 = 0. List the prime factors of u.
2
Let x = 6 - -15. Let j = -3 + 6. Suppose -4*i = -j*m + x, 4*m + 5*i - 32 = -4. List the prime factors of m.
7
Let o be -2 - ((-6)/(-3))/(-2). Let p(r) = -6*r. What are the prime factors of p(o)?
2, 3
Let l(x) = -x + 4. Let u be l(0). Suppose 13 = 5*a + 5*p - 7, u*a - 4*p = 0. List the prime factors of a.
2
Suppose -r = -3*r - 26. Let b = r - -23. Suppose 10 = 4*k - b. What are the prime factors of k?
5
Let h = -4 + 8. Let y(m) = m**2 + 6*m + 7. Let q be y(-6). Let v = q + h. List the prime factors of v.
11
Let b(a) = -3*a**3 - 3*a**2 + a + 4. Let d be b(-2). What are the prime factors of (0 - -2)/(2/d)?
2, 7
List the prime factors of (1 + -8)*(-20)/14.
2, 5
Let n = -11 - -34. What are the prime factors of n?
23
Let a(o) = -2*o. Let y be a(9). List the prime factors of 1 - (-1 + 3) - y.
17
Suppose -4*c + q + 70 = 0, -3*c + 2*q = -2*q - 46. List the prime factors of c.
2, 3
Let j be 2/8 - 38/(-8). Let y(v) = v**3 - 4*v**2 - 6*v + 4. Let d be y(j). What are the prime factors of 7 - (-2 - (-1 + d))?
7
Let v(w) = -5*w + 2. Let u be v(-2). Let g = u + -5. Let h = 4 + g. What are the prime factors of h?
11
Suppose -5*x + 3*u = -217, 2*u + 2*u = -5*x + 189. List the prime factors of x.
41
Let g(f) = 4*f**2 + 2*f. Let r(d) = -3*d**2 - 2*d - 1. Let h(s) = -2*g(s) - 3*r(s). List the prime factors of h(-5).
2, 3
Suppose 0 = 3*k + 2*k. Suppose -7 - 8 = 5*l. List the prime factors of k + 0 - (l - 2).
5
Let c(o) be the first derivative of -o**3/3 + 4*o**2 - 5*o + 1. Let r be c(7). Suppose -r*z + 4*p - 5*p = -22, 7 = -z - 5*p. List the prime factors of z.
13
Let c(j) be the second derivative of -3*j**3/2 + j**2/2 - 2*j. Let y be c(1). Let f = 18 + y. What are the prime factors of f?
2, 5
Let y = 9 - 5. Let i = 6 - y. Suppose 0 = -4*m + o + 70, 5*m - 81 = -i*o + 13. List the prime factors of m.
2, 3
Let z(d) = d - 3 - 7 + 4 + 2*d. List the prime factors of z(8).
2, 3
Suppose 5*j - 29 = -2*t + 183, -3*j + 4*t = -122. What are the prime factors of j?
2, 3, 7
Let s be (-238)/56 + (-2)/(-8). Let o(w) be the third derivative of -w**4/12 - w**3/2 - w**2. List the prime factors of o(s).
5
Let k(z) = -8*z + 6. What are the prime factors of k(-1)?
2, 7
Suppose 11*m - 6*m - 60 = 0. List the prime factors of m.
2, 3
Suppose -c + 4*t = -2, -3*c + 34 = -0*t + 2*t. What are the prime factors of 15/(-6)*-1*c?
5
Let d(o) = o**3 + 7*o**2 - o + 2. Suppose 4*y + y - 35 = -5*a, 5*a = 25. Suppose -14 = -0*c + y*c. List the prime factors of d(c).
3
Let r(w) = w**2 + 3*w - 7. Let a = -4 - 1. Let n be r(a). Suppose 6 = n*p - p. List the prime factors of p.
3
What are the prime factors of (8/(-3) - (-1)/(-3)) + 23?
2, 5
Let v = -6 + 0. Let t = v - -4. List the prime factors of (t*1)/((-1)/2).
2
Suppose -2*r = 2 - 12. Suppose -2*t = -r - 5. Suppose -4 = x + 3*g, -25 = -x - x + t*g. List the prime factors of x.
5
Let w be 1 + (-12)/3 + 37. Let u = -16 + w. What are the prime factors of u?
2, 3
Let g(j) = -j. Let i(f) = -f**2 - 13*f - 9. Let c(q) = -5*g(q) + i(q). Let l = -4 + -2. List the prime factors of c(l).
3
Let p(j) = j**3 + 4*j**2 - 6*j - 3. Let d be p(-5). Suppose 3*q - 7 = d*q. What are the prime factors of q?
7
Let o be 2/5 + 24/(-10). Let u be (-141)/(-27) + o/9. Suppose 0 = -2*k - t + 23, -u*k + 2*t = -4*k - 24. What are the prime factors of k?
2, 7
Suppose 10*j - 649 - 891 = 0. What are the prime factors of j?
2, 7, 11
Let t = 72 + 40. What are the prime factors of t?
2, 7
Let p be -1 - -3 - (-1 - -1). Let t(j) = -